{"id":19,"date":"2019-02-26T21:52:30","date_gmt":"2019-02-26T19:52:30","guid":{"rendered":"http:\/\/www.kyifratsastus.com\/wordpress\/?page_id=19"},"modified":"2026-02-26T13:31:44","modified_gmt":"2026-02-26T11:31:44","slug":"jasenet","status":"publish","type":"page","link":"https:\/\/www.kyifratsastus.com\/wordpress\/jasenet\/","title":{"rendered":"J\u00e4senet"},"content":{"rendered":"\n<h4 class=\"wp-block-heading\">Eri j\u00e4senlajit<\/h4>\n\n\n\n<p>Suomen Ratsastajainliiton (SRL) j\u00e4senseuroilla on k\u00e4yt\u00f6ss\u00e4 erilaisia j\u00e4senlajeja. T\u00e4ysj\u00e4sen (seniori ja juniori) saa kaikki liiton tarjoamat j\u00e4senedut. Senioreita ovat 18 vuotta t\u00e4ytt\u00e4neet tai vanhemmat. Perhej\u00e4senen (seniori ja juniori) edut ovat muuten samat kuin t\u00e4ysj\u00e4senell\u00e4, mutta h\u00e4n ei saa Hippos-lehte\u00e4 eik\u00e4 h\u00e4nelle voida my\u00f6nt\u00e4\u00e4 kansallista kilpailulupaa tai toimihenkil\u00f6oikeuksia. Perhej\u00e4senen t\u00e4ytyy asua samassa taloudessa t\u00e4ysj\u00e4senen kanssa ja kuulua samaan seuraan kuin t\u00e4ysj\u00e4sen. Seuroilla voi olla my\u00f6s kannatusj\u00e4seni\u00e4, mutta he eiv\u00e4t saa liiton j\u00e4senetuja.<br>Tutustu l\u00e4hemmin j\u00e4senlajeihin ja SRL:n toimintaan&nbsp;<a rel=\"noreferrer noopener\" href=\"http:\/\/www.ratsastus.fi\/\" target=\"_blank\">www.ratsastus.fi<\/a>&nbsp;sivustoilla.<\/p>\n\n\n\n<h4 class=\"wp-block-heading\">J\u00e4senkortti<\/h4>\n\n\n\n<p>Jokainen SRL:n j\u00e4sen saa oman s\u00e4hk\u00f6isen j\u00e4senkortin, joka l\u00f6ytyy SRL:n J\u00e4senhuone -palvelusta: &nbsp;<a rel=\"noreferrer noopener\" href=\"https:\/\/oma.ratsastus.fi\/\" target=\"_blank\">https:\/\/oma.ratsastus.fi<\/a>. Lis\u00e4tietoa SRL:n J\u00e4senhuoneesta ja kirjautumisohjeet l\u00f6ytyy liiton sivuilta: <a rel=\"noreferrer noopener\" href=\"https:\/\/www.ratsastus.fi\/jasenelle\/jasenhuone\/\" target=\"_blank\">https:\/\/www.ratsastus.fi\/jasenelle\/jasenhuone\/<\/a>. Huomioithan, ettei muovista j\u00e4senkorttia en\u00e4\u00e4 toimiteta.<br><\/p>\n\n\n\n<h4 class=\"wp-block-heading\">J\u00e4senmaksu<\/h4>\n\n\n\n<p>J\u00e4senmaksun voi maksaa heti alkuvuodesta SRL:n J\u00e4senhuoneessa tai my\u00f6hemmin erikseen l\u00e4hetett\u00e4v\u00e4ll\u00e4 laskulla (muistathan k\u00e4ytt\u00e4\u00e4 laskua maksaessasi viitenumeroa). Edut astuvat voimaan, kun maksu on maksettu. Seuran j\u00e4senyys p\u00e4\u00e4ttyy automaattisesti, jos j\u00e4senmaksu j\u00e4tet\u00e4\u00e4n maksamatta.<br><\/p>\n\n\n\n<h4 class=\"wp-block-heading\">J\u00e4senmaksut vuosina 2025 ja 2026<\/h4>\n\n\n\n<figure class=\"wp-block-table\"><table class=\"has-fixed-layout\"><tbody><tr><td><strong>J\u00e4senlaji<\/strong><\/td><td><strong>KyIF-j\u00e4senmaksu<\/strong><\/td><td><strong>SRL-j\u00e4senmaksu<\/strong><\/td><td><strong>Yhteens\u00e4<\/strong><\/td><\/tr><tr><td>Juniorit, t\u00e4ysj\u00e4sen<\/td><td>19,50 \u20ac<\/td><td>51,00 \u20ac<\/td><td>70,50 \u20ac<\/td><\/tr><tr><td>Seniorit, t\u00e4ysj\u00e4sen<\/td><td>19,50 \u20ac<\/td><td>58,00 \u20ac<\/td><td>77,50 \u20ac<\/td><\/tr><tr><td>Juniorit, perhej\u00e4sen<\/td><td>19,50 \u20ac<\/td><td>25,50 \u20ac<\/td><td>45,00 \u20ac<\/td><\/tr><tr><td>Seniorit, perhej\u00e4sen<\/td><td>19,50 \u20ac<\/td><td>29,00 \u20ac<\/td><td>48,50 \u20ac<\/td><\/tr><tr><td>Kannatusj\u00e4sen<\/td><td>19,50 \u20ac<\/td><td>&#8211;<\/td><td>&#8211;<\/td><\/tr><\/tbody><\/table><\/figure>\n\n\n\n<p>Kaikki j\u00e4senmaksut maksetaan SRL:sta tulevalla viitenumeroisella laskulla.<br><\/p>\n\n\n\n<h4 class=\"wp-block-heading\">Liity j\u00e4seneneksi<\/h4>\n\n\n\n<ol class=\"wp-block-list\">\n<li>Liity KyIF Ratsastuksen j\u00e4seneksi t\u00e4ytt\u00e4m\u00e4ll\u00e4 s\u00e4hk\u00f6inen <a href=\"https:\/\/liity.ratsastus.fi\/\">lomake SRL:n sivuilla<\/a>. <\/li>\n\n\n\n<li>Valitse seuraksi KyIF Ratsastys ry. <\/li>\n\n\n\n<li>Kun j\u00e4sensihteeri on hyv\u00e4ksynyt j\u00e4senhakemuksesi, saat j\u00e4senlaskusi antamaasi osoitteeseen.<\/li>\n<\/ol>\n\n\n\n<p>J\u00e4sensihteerin\u00e4mme toimii Ann-Sofie Lindberg (<a href=\"mailto:ann-sofie.lindberg@outlook.com\">ann-sofie.lindberg@outlook.com<\/a>), joka osaa vastata j\u00e4senyyteen liittyviin kysymyksiin.<\/p>\n\n\n\n<h4 class=\"wp-block-heading\">Green Card<\/h4>\n\n\n\n<p>Moni SRL:n hyv\u00e4ksym\u00e4 ratsastuskoulu tarjoaa alottelevalle ratsastajalle vakuutusturvan Green Card -ohjelman kautta. Lis\u00e4\u00e4 Green Cardista voi lukea SRL:n sivuilta<\/p>\n\n\n\n<p>Green Card -j\u00e4senyys ei siis ole sama kuin ratsastusseuran j\u00e4senyys eli mitk\u00e4\u00e4n j\u00e4senedut eiv\u00e4t ole voimassa. Toisaalta ratsastusseuran j\u00e4senyys tarjoaa my\u00f6s v\u00e4hint\u00e4\u00e4n saman vakuutusturvan kuin Green Card. <\/p>\n\n\n\n<p style=\"font-size:17px\"><strong>J\u00e4senhuone<\/strong><\/p>\n\n\n\n<p>J\u00e4senhuone on etu henkil\u00f6ille, jotka ovat SRL-j\u00e4seni\u00e4 jonkun ratsastusseuran kautta. Seurojen kannatusj\u00e4senet,&nbsp;Green Card ja Green Card Plus -vakuutetut eiv\u00e4t pysty k\u00e4ytt\u00e4m\u00e4\u00e4n sit\u00e4.&nbsp;<a rel=\"noreferrer noopener\" href=\"https:\/\/www.ratsastus.fi\/ratsastamaan\/liity\/\" target=\"_blank\">Lis\u00e4tietoja seuran j\u00e4senyydest\u00e4<\/a>.<\/p>\n\n\n\n<p>J\u00e4senhuonetta voi k\u00e4ytt\u00e4\u00e4 sujuvasti sek\u00e4 tietokoneen ett\u00e4 k\u00e4nnyk\u00e4n internet-selaimella. Erillist\u00e4 applikaatiota ei tarvitse ladata.&nbsp;<\/p>\n\n\n\n<p>Jos salasanan luomisessa tai kirjautumisessa on ongelmia, tarkasta voisiko ongelma olla joku alla olevista:<\/p>\n\n\n\n<ul class=\"wp-block-list\">\n<li>Jos et saa salasanan luomiseen tarvittavaa koodia, tarkistathan&nbsp;roskapostit. Automaattiset viestit j\u00e4rjestelmist\u00e4 j\u00e4\u00e4v\u00e4t joskus roskapostisuodattimiin.&nbsp;<\/li>\n\n\n\n<li>Tiedoistasi j\u00e4senrekisteriss\u00e4 voi puuttua s\u00e4hk\u00f6postiosoite, se on virheellinen&nbsp;tai sama s\u00e4hk\u00f6postiosoite on usean henkil\u00f6n tiedoissa. Ole yhteydess\u00e4 seurasi j\u00e4sensihteeriin, joka voi tarkistaa ja korjata&nbsp;asian.<\/li>\n\n\n\n<li>Onhan sinulla ratsastusseuran j\u00e4senyys voimassa? Kirjautuminen sek\u00e4 laskujen katsominen ja maksaminen onnistuu vaikka j\u00e4senlasku olisi avoin, mutta muut valikot aukeavat vasta kun maksu on kunnossa.&nbsp;J\u00e4senhuoneen kautta verkko-ostona maksettu j\u00e4senyys p\u00e4ivittyy heti, viitesiirrolla maksetun laskun p\u00e4ivittyminen j\u00e4rjestelm\u00e4\u00e4n vie&nbsp;muutama p\u00e4iv\u00e4n.<\/li>\n<\/ul>\n\n\n\n<h3 class=\"wp-block-heading\" style=\"font-size:17px\"><strong>Seuraj\u00e4senyyksiin ja maksuihin liittyv\u00e4t k\u00e4yt\u00e4nn\u00f6n asiat<\/strong><\/h3>\n\n\n\n<p>Seuran j\u00e4sensihteeri on henkil\u00f6, joka palvelee seuran j\u00e4seni\u00e4 kaikissa j\u00e4senyyksiin liittyviss\u00e4 asioissa. T\u00e4llaisia asioita voivat olla esim.&nbsp;seuraj\u00e4senyyden voimassaolon tarkistukset, avoimien laskujen l\u00e4hetykset, osoitteenmuutokset jne.<\/p>\n\n\n\n<p>J\u00e4sen pystyy hoitamaan n\u00e4it\u00e4 asioita my\u00f6s itse J\u00e4senhuoneen kautta. J\u00e4senhuoneeseen kirjautuminen vaatii rekisteriin tallennetun yksil\u00f6llisen s\u00e4hk\u00f6postiosoitteen, jonka seuran j\u00e4sensihteeri lis\u00e4\u00e4 rekisteriin j\u00e4senen pyynn\u00f6st\u00e4. J\u00e4senmaksun maksaminen J\u00e4senhuoneen kautta&nbsp;verkko-ostona&nbsp;on suositeltavaa, sill\u00e4 se nopeuttaa j\u00e4senmaksun&nbsp;kirjautumista rekisteriin ja n\u00e4in ollen esimerkiksi kilpailuluvan p\u00e4\u00e4see maksamaan nopeammin.<\/p>\n\n\n\n<h4 class=\"wp-block-heading has-text-align-left\"><strong><a href=\"https:\/\/www.kyifratsastus.com\/wordpress\/wp-content\/uploads\/2026\/02\/KyIF-Ratsastus-ry-saannot-18.12.2022.pdf\" target=\"_blank\" rel=\"noreferrer noopener\">Seuran s\u00e4\u00e4nn\u00f6t<\/a><\/strong><\/h4>\n\n\n\n<p style=\"font-size:17px\"><strong><br>Vaihto toisen ratsastusseuran j\u00e4seneksi<\/strong><\/p>\n\n\n\n<p>Seuranvaihto kannattaa sijoittaa vuoden vaihteeseen. T\u00e4ll\u00f6in ilmoitat vanhan seuran j\u00e4sensihteerille, ett\u00e4 haluat erota ja vastaavasti liityt uuden seuran j\u00e4seneksi joko liittymislomakkeen kautta tai ottamalla yhteytt\u00e4 seuran j\u00e4sensihteeriin. Olethan tarkkana, ettet alkuvuodesta maksa v\u00e4\u00e4r\u00e4n seuran j\u00e4senmaksulaskua. Jo maksettuja suorituksia ei palauteta.<\/p>\n\n\n\n<p>Mik\u00e4li haluat vaihtaa seuraa kesken vuotta, liity uuteen seuraan normaaliin tapaan joko liittymislomakkeen kautta tai ottamalla yhteytt\u00e4 uuden seuran j\u00e4sensihteeriin.&nbsp;<\/p>\n\n\n\n<p>Ilmoita my\u00f6s vanhaan seuraasi, ett\u00e4 haluat p\u00e4\u00e4tt\u00e4\u00e4 j\u00e4senyytesi vuoden loppuun. Voit olla my\u00f6s useamman seuran j\u00e4sen samaan aikaan samana vuonna. J\u00e4senmaksun suuruus vaihtelee seuroittain, eik\u00e4 liiton hintaosuutta hyvitet\u00e4, vaikka olisi useamman seuran j\u00e4sen samaan aikaan. Seuran kannatusj\u00e4senen maksu menee seuralle kokonaisuudessaan, eik\u00e4 sis\u00e4ll\u00e4 liiton etuja.<\/p>\n\n\n\n<p>Huom! Kilpailijat voivat edustaa vain yht\u00e4 seuraa vuoden aikana. Mik\u00e4li vanhaa seuraa on jo edustettu kilpailuissa kuluvana vuonna, sama seura pysyy kilpailijan edustusseurana vuoden loppuun asti.<\/p>\n\n\n\n<h3 class=\"wp-block-heading\" style=\"font-size:17px\"><strong>Ratsastusseurasta eroaminen<\/strong><\/h3>\n\n\n\n<p>Mik\u00e4li haluat erota seurasta, ota yhteytt\u00e4 oman seurasi j\u00e4sensihteeriin. Yhteystiedot l\u00f6ytyv\u00e4t j\u00e4senmaksulaskulta sek\u00e4&nbsp;<a href=\"https:\/\/www.kyifratsastus.com\/yhteystiedot-kontakt\/\" data-type=\"URL\" data-id=\"https:\/\/www.kyifratsastus.com\/yhteystiedot-kontakt\/\" target=\"_blank\" rel=\"noreferrer noopener\">t\u00e4\u00e4lt\u00e4<\/a>.&nbsp;<\/p>\n\n\n\n<h2 class=\"wp-block-heading\">Henkil\u00f6tietojen k\u00e4sittely KyIF Ratsastus ry:ss\u00e4<\/h2>\n\n\n\n<p>KyIF Ratsastus ry on Suomen Ratsastajainliiton (SRL) j\u00e4senseura. SRL on ratsastusalan toimijoiden kattoj\u00e4rjest\u00f6 Suomessa. KyIF Ratsastus ry hallinnoi j\u00e4sentietoja yhdess\u00e4 SRL:n kanssa.<br><br>Suomen Ratsastajainliiton j\u00e4senseurana noudatamme liiton antamia ohjeita j\u00e4sentietojen k\u00e4sittelyss\u00e4 sek\u00e4 yleisen tietosuoja-asetuksen vaatimia uudistuksia ja olemme sitoutuneet turvaamaan j\u00e4sentemme oikeuksia ja pit\u00e4m\u00e4\u00e4n heid\u00e4n henkil\u00f6tietonsa turvassa.<br><br><strong>KyIF Ratsastus ry:ss\u00e4 k\u00e4sittelyst\u00e4 vastaa: <\/strong><br>Ann-Sofie Lindberg, <a href=\"mailto:ann-sofie.lindberg@outlook.com\">ann-sofie.lindberg@outlook.com<\/a><br><strong>SRL:ssa k\u00e4sittelyst\u00e4 vastaa: <\/strong><br>Sari Siltala,&nbsp;<a href=\"mailto:sari.siltala@ratsastus.fi\" target=\"_blank\" rel=\"noreferrer noopener\">sari.siltala@ratsastus.fi<\/a>, Valimotie 10, 00380 Helsinki.<br><br>KyIF Ratsastus ry ker\u00e4\u00e4 j\u00e4senten henkil\u00f6tiedot SRL:n j\u00e4senrekisterij\u00e4rjestelm\u00e4\u00e4n Senseen. Henkil\u00f6tietoja ker\u00e4t\u00e4\u00e4n esim. j\u00e4senmaksua, Hippos-lehden jakelua, urheiluvakuutusta ja kilpailuja varten. KyIF Ratsastus ry ker\u00e4\u00e4 j\u00e4senten henkil\u00f6tietoja my\u00f6s j\u00e4rjest\u00e4mi\u00e4\u00e4n harjoituskilpailuja ja muita tapahtumia varten. J\u00e4senell\u00e4 on aina mahdollisuus kielt\u00e4\u00e4 nimitietojen julkaiseminen niin halutessaan ilmoittamalla siit\u00e4 seuran tapahtuman j\u00e4rjest\u00e4j\u00e4lle.<br><br>SRL on ottanut k\u00e4ytt\u00f6\u00f6n s\u00e4hk\u00f6isen&nbsp;<a href=\"https:\/\/www.ratsastus.fi\/jasenelle\/jasenhuone\/seuroille-jasenhuoneesta\/\" target=\"_blank\" rel=\"noreferrer noopener\"><strong>J\u00e4senhuoneen<\/strong><\/a>. J\u00e4senhuoneen k\u00e4ytt\u00f6 edellytt\u00e4\u00e4, ett\u00e4 SRL:ll\u00e4 on tiedossa omissa j\u00e4rjestelmiss\u00e4\u00e4n j\u00e4senen s\u00e4hk\u00f6postiosoite. SRL on p\u00e4\u00e4tt\u00e4nyt, ett\u00e4 s\u00e4hk\u00f6postiosoitteen saa SRL:n j\u00e4rjestelmiin ilmoittamalla sen seurojen j\u00e4sensihteereille, joka sy\u00f6tt\u00e4\u00e4 s\u00e4hk\u00f6postisoitteen SRL:n j\u00e4rjestelmiin, ellei se siell\u00e4 jo ole tai jos se on siell\u00e4 virheellisen\u00e4.<br><br>Sense-j\u00e4senrekisterin ja siihen liitettyjen ohjelmien (tapahtumahallinta, kilpailulupien verkko-osto) tietosuojaseloste l\u00f6ytyy SRL:n sivuilta osoitteesta&nbsp;<a href=\"https:\/\/www.ratsastus.fi\/site\/assets\/files\/2890\/tietosuojaseloste_gdpr_jasenrekisterista_2018_11062020_250820.pdf\" target=\"_blank\" rel=\"noreferrer noopener\"><strong>tietosuojaseloste<\/strong><\/a> . SRL:n nettisivuilta l\u00f6ytyy tarkemmat lis\u00e4tiedot ratsastusseurojen j\u00e4senten tietosuojasta osoitteesta <a href=\"https:\/\/www.ratsastus.fi\/srl\/gdpr\/\" target=\"_blank\" rel=\"noreferrer noopener\"><strong>GDPR &#8211; Suomen Ratsastajainliitto<\/strong><\/a><strong>.<br><br><\/strong><\/p>\n","protected":false},"excerpt":{"rendered":"<p>Eri j\u00e4senlajit Suomen Ratsastajainliiton (SRL) j\u00e4senseuroilla on k\u00e4yt\u00f6ss\u00e4 erilaisia j\u00e4senlajeja. T\u00e4ysj\u00e4sen (seniori ja juniori) saa kaikki liiton tarjoamat j\u00e4senedut. Senioreita ovat 18 vuotta t\u00e4ytt\u00e4neet tai vanhemmat. Perhej\u00e4senen (seniori ja juniori) &hellip; <\/p>\n<p class=\"link-more\"><a href=\"https:\/\/www.kyifratsastus.com\/wordpress\/jasenet\/\" class=\"more-link\">Jatka lukemista<span class=\"screen-reader-text\"> &#8221;J\u00e4senet&#8221;<\/span><\/a><\/p>\n","protected":false},"author":1,"featured_media":0,"parent":0,"menu_order":0,"comment_status":"closed","ping_status":"closed","template":"","meta":{"_EventAllDay":false,"_EventTimezone":"","_EventStartDate":"","_EventEndDate":"","_EventStartDateUTC":"","_EventEndDateUTC":"","_EventShowMap":false,"_EventShowMapLink":false,"_EventURL":"","_EventCost":"","_EventCostDescription":"","_EventCurrencySymbol":"","_EventCurrencyCode":"","_EventCurrencyPosition":"","_EventDateTimeSeparator":"","_EventTimeRangeSeparator":"","_EventOrganizerID":[],"_EventVenueID":[],"_OrganizerEmail":"","_OrganizerPhone":"","_OrganizerWebsite":"","_VenueAddress":"","_VenueCity":"","_VenueCountry":"","_VenueProvince":"","_VenueState":"","_VenueZip":"","_VenuePhone":"","_VenueURL":"","_VenueStateProvince":"","_VenueLat":"","_VenueLng":"","_VenueShowMap":false,"_VenueShowMapLink":false,"footnotes":""},"class_list":["post-19","page","type-page","status-publish","hentry"],"_links":{"self":[{"href":"https:\/\/www.kyifratsastus.com\/wordpress\/wp-json\/wp\/v2\/pages\/19","targetHints":{"allow":["GET"]}}],"collection":[{"href":"https:\/\/www.kyifratsastus.com\/wordpress\/wp-json\/wp\/v2\/pages"}],"about":[{"href":"https:\/\/www.kyifratsastus.com\/wordpress\/wp-json\/wp\/v2\/types\/page"}],"author":[{"embeddable":true,"href":"https:\/\/www.kyifratsastus.com\/wordpress\/wp-json\/wp\/v2\/users\/1"}],"replies":[{"embeddable":true,"href":"https:\/\/www.kyifratsastus.com\/wordpress\/wp-json\/wp\/v2\/comments?post=19"}],"version-history":[{"count":22,"href":"https:\/\/www.kyifratsastus.com\/wordpress\/wp-json\/wp\/v2\/pages\/19\/revisions"}],"predecessor-version":[{"id":2289,"href":"https:\/\/www.kyifratsastus.com\/wordpress\/wp-json\/wp\/v2\/pages\/19\/revisions\/2289"}],"wp:attachment":[{"href":"https:\/\/www.kyifratsastus.com\/wordpress\/wp-json\/wp\/v2\/media?parent=19"}],"curies":[{"name":"wp","href":"https:\/\/api.w.org\/{rel}","templated":true}]}}