{"id":497,"date":"2020-01-04T15:48:15","date_gmt":"2020-01-04T13:48:15","guid":{"rendered":"http:\/\/www.kyifratsastus.com\/wordpress\/?post_type=tribe_events&#038;p=497"},"modified":"2020-01-04T15:48:42","modified_gmt":"2020-01-04T13:48:42","slug":"esteradan-rakennus-ja-ratsastus-kurssi","status":"publish","type":"tribe_events","link":"https:\/\/www.kyifratsastus.com\/wordpress\/event\/esteradan-rakennus-ja-ratsastus-kurssi\/","title":{"rendered":"Esteradan rakennus ja ratsastus -kurssi"},"content":{"rendered":"<div  class=\"tribe-events-schedule tribe-clearfix\" >\n\t<p class=\"tribe-events-schedule__datetime\">\n\t\t<span class=\"tribe-events-schedule__date tribe-events-schedule__date--start\">\n\t\t\t25.01.2020\t\t<\/span>\n\n\t\t\t\t\t<span class=\"tribe-events-schedule__separator tribe-events-schedule__separator--date\">\n\t\t\t\t klo \t\t\t<\/span>\n\t\t\t<span class=\"tribe-events-schedule__time tribe-events-schedule__time--start\">\n\t\t\t\t14:00\t\t\t<\/span>\n\t\t\n\t\t\t\t\t\t\t\t\t<span class=\"tribe-events-schedule__separator tribe-events-schedule__separator--time\">\n\t\t\t\t\t &#8211; \t\t\t\t<\/span>\n\t\t\t\n\t\t\t\t\t\t\t<span class=\"tribe-events-schedule__time tribe-events-schedule__time--end\">\n\t\t\t\t\t18:00\t\t\t\t<\/span>\n\t\t\t\n\t\t\t\t\t\t<\/p>\n<\/div>\n\n\n\n<figure class=\"wp-block-image\"><img loading=\"lazy\" decoding=\"async\" width=\"960\" height=\"640\" src=\"https:\/\/www.kyifratsastus.com\/wordpress\/wp-content\/uploads\/2020\/01\/tomashyppaa.png\" alt=\"\" class=\"wp-image-495\" srcset=\"https:\/\/www.kyifratsastus.com\/wordpress\/wp-content\/uploads\/2020\/01\/tomashyppaa.png 960w, https:\/\/www.kyifratsastus.com\/wordpress\/wp-content\/uploads\/2020\/01\/tomashyppaa-300x200.png 300w, https:\/\/www.kyifratsastus.com\/wordpress\/wp-content\/uploads\/2020\/01\/tomashyppaa-768x512.png 768w\" sizes=\"auto, (max-width: 767px) 89vw, (max-width: 1000px) 54vw, (max-width: 1071px) 543px, 580px\" \/><\/figure>\n\n\n\n<p>Kansallisen tason ratamestari <strong>Tomas Kiviranta<\/strong> tulee\npit\u00e4m\u00e4\u00e4n KyIF:n j\u00e4senille ja ratsutila Wiknerin asiakkaille kurssin esteradan\nrakennuksesta ja sen ratsastamisesta. <\/p>\n\n\n\n<p><strong>Kurssi koostuu kolmesta osasta:<\/strong><\/p>\n\n\n\n<p>Kurssi alkaa luennolla Wiknerin yksityistallin yl\u00e4kerrassa, jossa k\u00e4yd\u00e4\u00e4n l\u00e4pi estetyypit, arvostelut ja yleisimm\u00e4t teht\u00e4v\u00e4t, joista esterata koostuu. <\/p>\n\n\n\n<p>Luennon j\u00e4lkeen siirryt\u00e4\u00e4n maneesiin, jossa yhdess\u00e4 opetellaan\nkuinka esterata rakennetaan ratapiirroksen pohjalta, ja mit\u00e4 radank\u00e4velyss\u00e4\ntulee ottaa huomioon.<\/p>\n\n\n\n<p>Lopuksi seuraa esteratsastusdemo, jossa k\u00e4yd\u00e4\u00e4n l\u00e4pi miten\nhevonen verrytell\u00e4\u00e4n rataa varten, ja kuinka rata ratsastetaan puhtaasti ja\nnopeasti. Kurssi p\u00e4\u00e4ttyy n. klo 18.<\/p>\n\n\n\n<p><strong>Kurssi on tarkoitettu kaikenik\u00e4isille ja -tasoisille\nratsastajille ja se on maksuton kaikille. <\/strong><\/p>\n\n\n<div  class=\"tribe-block tribe-block__event-price\" >\n\t\t<\/div>\n\n\n\n\n<div  class=\"tribe-block tribe-block__venue tribe-clearfix\" >\n\t\n\t\t\n\t<\/div>\n\n\n\n\n\t<div  class=\"tribe-block tribe-block__events-link\" >\n\t\t<div class=\"tribe-events tribe-common\">\n\t\t\t<div class=\"tribe-events-c-subscribe-dropdown__container\">\n\t\t\t\t<div class=\"tribe-events-c-subscribe-dropdown\">\n\t\t\t\t\t<div class=\"tribe-common-c-btn-border tribe-events-c-subscribe-dropdown__button\">\n\t\t\t\t\t\t<svg\n\t class=\"tribe-common-c-svgicon tribe-common-c-svgicon--cal-export tribe-events-c-subscribe-dropdown__export-icon\" \taria-hidden=\"true\"\n\tviewBox=\"0 0 23 17\"\n\txmlns=\"http:\/\/www.w3.org\/2000\/svg\"\n>\n\t<path fill-rule=\"evenodd\" clip-rule=\"evenodd\" d=\"M.128.896V16.13c0 .211.145.383.323.383h15.354c.179 0 .323-.172.323-.383V.896c0-.212-.144-.383-.323-.383H.451C.273.513.128.684.128.896Zm16 6.742h-.901V4.679H1.009v10.729h14.218v-3.336h.901V7.638ZM1.01 1.614h14.218v2.058H1.009V1.614Z\" \/>\n\t<path d=\"M20.5 9.846H8.312M18.524 6.953l2.89 2.909-2.855 2.855\" stroke-width=\"1.2\" stroke-linecap=\"round\" stroke-linejoin=\"round\"\/>\n<\/svg>\n\t\t\t\t\t\t<button\n\t\t\t\t\t\t\tclass=\"tribe-events-c-subscribe-dropdown__button-text\"\n\t\t\t\t\t\t\taria-expanded=\"false\"\n\t\t\t\t\t\t\taria-controls=\"tribe-events-subscribe-dropdown-content\"\n\t\t\t\t\t\t\taria-label=\"View links to add events to your calendar\"\n\t\t\t\t\t\t>\n\t\t\t\t\t\t\tLis\u00e4\u00e4 kalenteriin\t\t\t\t\t\t<\/button>\n\t\t\t\t\t\t<svg\n\t class=\"tribe-common-c-svgicon tribe-common-c-svgicon--caret-down tribe-events-c-subscribe-dropdown__button-icon\" \taria-hidden=\"true\"\n\tviewBox=\"0 0 10 7\"\n\txmlns=\"http:\/\/www.w3.org\/2000\/svg\"\n>\n\t<path fill-rule=\"evenodd\" clip-rule=\"evenodd\" d=\"M1.008.609L5 4.6 8.992.61l.958.958L5 6.517.05 1.566l.958-.958z\" class=\"tribe-common-c-svgicon__svg-fill\"\/>\n<\/svg>\n\t\t\t\t\t<\/div>\n\t\t\t\t\t<div id=\"tribe-events-subscribe-dropdown-content\" class=\"tribe-events-c-subscribe-dropdown__content\">\n\t\t\t\t\t\t<ul class=\"tribe-events-c-subscribe-dropdown__list\">\n\t\t\t\t\t\t\t\t\t\t\t\t\t\t\t<li class=\"tribe-events-c-subscribe-dropdown__list-item tribe-events-c-subscribe-dropdown__list-item--gcal\">\n\t\t\t\t\t\t\t\t\t<a\n\t\t\t\t\t\t\t\t\t\thref=\"https:\/\/www.google.com\/calendar\/event?action=TEMPLATE&#038;dates=20200125T140000\/20200125T180000&#038;text=Esteradan%20rakennus%20ja%20ratsastus%20-kurssi&#038;details=%3Cfigure+class%3D%22wp-block-image%22%3E%3Cimg+src%3D%22http%3A%2F%2Fwww.kyifratsastus.com%2Fwordpress%2Fwp-content%2Fuploads%2F2020%2F01%2Ftomashyppaa.png%22+alt%3D%22%22+class%3D%22wp-image-495%22%2F%3E%3C%2Ffigure%3E%3Cp%3EKansallisen+tason+ratamestari+%3Cstrong%3ETomas+Kiviranta%3C%2Fstrong%3E+tuleepit%C3%A4m%C3%A4%C3%A4n+KyIF%3An+j%C3%A4senille+ja+ratsutila+Wiknerin+asiakkaille+kurssin+esteradanrakennuksesta+ja+sen+ratsastamisesta.+%3C%2Fp%3E+%3Cp%3E%3Cstrong%3EKurssi+koostuu+kolmesta+osasta%3A%3C%2Fstrong%3E%3C%2Fp%3E+%3Cp%3EKurssi+alkaa+luennolla+Wiknerin+yksityistallin+yl%C3%A4kerrassa%2C+jossa+k%C3%A4yd%C3%A4%C3%A4n+l%C3%A4pi+estetyypit%2C+arvostelut+ja+yleisimm%C3%A4t+teht%C3%A4v%C3%A4t%2C+joista+esterata+koostuu.+%3C%2Fp%3E+%3Cp%3ELuennon+j%C3%A4lkeen+siirryt%C3%A4%C3%A4n+maneesiin%2C+jossa+yhdess%C3%A4+opetellaankuinka+esterata+rakennetaan+ratapiirroksen+pohjalta%2C+ja+mit%C3%A4+radank%C3%A4velyss%C3%A4tulee+ottaa+huomioon.%3C%2Fp%3E+%3Cp%3ELopuksi+seuraa+esteratsastusdemo%2C+jossa+k%C3%A4yd%C3%A4%C3%A4n+l%C3%A4pi+mitenhevonen+verrytell%C3%A4%C3%A4n+rataa+varten%2C+ja+kuinka+rata+ratsastetaan+puhtaasti+janopeasti.+Kurssi+p%C3%A4%C3%A4ttyy+n.+klo+18.%3C%2Fp%3E+%3Cp%3E%3Cstrong%3EKurssi+on+tarko%3C%2Fstrong%3E%3C%2Fp%3E+%28Katso+koko+tapahtuma+kuvaus+t%C3%A4%C3%A4lt%C3%A4%3A+https%3A%2F%2Fwww.kyifratsastus.com%2Fwordpress%2Fevent%2Festeradan-rakennus-ja-ratsastus-kurssi%2F%29&#038;trp=false&#038;ctz=Europe\/Helsinki&#038;sprop=website:https:\/\/www.kyifratsastus.com\/wordpress\"\n\t\t\t\t\t\t\t\t\t\tclass=\"tribe-events-c-subscribe-dropdown__list-item-link\"\n\t\t\t\t\t\t\t\t\t\ttarget=\"_blank\"\n\t\t\t\t\t\t\t\t\t\trel=\"noopener noreferrer nofollow noindex\"\n\t\t\t\t\t\t\t\t\t>\n\t\t\t\t\t\t\t\t\t\tGoogle-kalenteri\t\t\t\t\t\t\t\t\t<\/a>\n\t\t\t\t\t\t\t\t<\/li>\n\t\t\t\t\t\t\t\t\t\t\t\t\t\t\t<li class=\"tribe-events-c-subscribe-dropdown__list-item tribe-events-c-subscribe-dropdown__list-item--ical\">\n\t\t\t\t\t\t\t\t\t<a\n\t\t\t\t\t\t\t\t\t\thref=\"\"\n\t\t\t\t\t\t\t\t\t\tclass=\"tribe-events-c-subscribe-dropdown__list-item-link\"\n\t\t\t\t\t\t\t\t\t\ttarget=\"_blank\"\n\t\t\t\t\t\t\t\t\t\trel=\"noopener noreferrer nofollow noindex\"\n\t\t\t\t\t\t\t\t\t>\n\t\t\t\t\t\t\t\t\t\tiCalendar\t\t\t\t\t\t\t\t\t<\/a>\n\t\t\t\t\t\t\t\t<\/li>\n\t\t\t\t\t\t\t\t\t\t\t\t\t\t\t<li class=\"tribe-events-c-subscribe-dropdown__list-item tribe-events-c-subscribe-dropdown__list-item--outlook-365\">\n\t\t\t\t\t\t\t\t\t<a\n\t\t\t\t\t\t\t\t\t\thref=\"\"\n\t\t\t\t\t\t\t\t\t\tclass=\"tribe-events-c-subscribe-dropdown__list-item-link\"\n\t\t\t\t\t\t\t\t\t\ttarget=\"_blank\"\n\t\t\t\t\t\t\t\t\t\trel=\"noopener noreferrer nofollow noindex\"\n\t\t\t\t\t\t\t\t\t>\n\t\t\t\t\t\t\t\t\t\tOutlook 365\t\t\t\t\t\t\t\t\t<\/a>\n\t\t\t\t\t\t\t\t<\/li>\n\t\t\t\t\t\t\t\t\t\t\t\t\t\t\t<li class=\"tribe-events-c-subscribe-dropdown__list-item tribe-events-c-subscribe-dropdown__list-item--outlook-live\">\n\t\t\t\t\t\t\t\t\t<a\n\t\t\t\t\t\t\t\t\t\thref=\"\"\n\t\t\t\t\t\t\t\t\t\tclass=\"tribe-events-c-subscribe-dropdown__list-item-link\"\n\t\t\t\t\t\t\t\t\t\ttarget=\"_blank\"\n\t\t\t\t\t\t\t\t\t\trel=\"noopener noreferrer nofollow noindex\"\n\t\t\t\t\t\t\t\t\t>\n\t\t\t\t\t\t\t\t\t\tOutlook Live\t\t\t\t\t\t\t\t\t<\/a>\n\t\t\t\t\t\t\t\t<\/li>\n\t\t\t\t\t\t\t\t\t\t\t\t\t<\/ul>\n\t\t\t\t\t<\/div>\n\t\t\t\t<\/div>\n\t\t\t<\/div>\n\t\t<\/div>\n\t<\/div>\n\n","protected":false},"excerpt":{"rendered":"<p>Kansallisen tason ratamestari Tomas Kiviranta tulee pit\u00e4m\u00e4\u00e4n KyIF:n j\u00e4senille ja ratsutila Wiknerin asiakkaille kurssin esteradan rakennuksesta ja sen ratsastamisesta. Kurssi koostuu kolmesta osasta: Kurssi alkaa luennolla Wiknerin yksityistallin yl\u00e4kerrassa, jossa &hellip; <\/p>\n<p class=\"link-more\"><a href=\"https:\/\/www.kyifratsastus.com\/wordpress\/event\/esteradan-rakennus-ja-ratsastus-kurssi\/\" class=\"more-link\">Jatka lukemista<span class=\"screen-reader-text\"> &#8221;Esteradan rakennus ja ratsastus -kurssi&#8221;<\/span><\/a><\/p>\n","protected":false},"author":1,"featured_media":0,"template":"","meta":{"_EventAllDay":false,"_EventTimezone":"Europe\/Helsinki","_EventStartDate":"2020-01-25 14:00:00","_EventEndDate":"2020-01-25 18:00:00","_EventStartDateUTC":"2020-01-25 12:00:00","_EventEndDateUTC":"2020-01-25 16:00:00","_EventShowMap":false,"_EventShowMapLink":false,"_EventURL":"","_EventCost":"","_EventCostDescription":"","_EventCurrencySymbol":"\u20ac","_EventCurrencyCode":"","_EventCurrencyPosition":"suffix","_EventDateTimeSeparator":" klo ","_EventTimeRangeSeparator":" - ","_EventOrganizerID":[],"_EventVenueID":[0],"_OrganizerEmail":"","_OrganizerPhone":"","_OrganizerWebsite":"","_VenueAddress":"","_VenueCity":"","_VenueCountry":"","_VenueProvince":"","_VenueState":"","_VenueZip":"","_VenuePhone":"","_VenueURL":"","_VenueStateProvince":"","_VenueLat":"","_VenueLng":"","_VenueShowMap":false,"_VenueShowMapLink":false,"_tribe_events_status":"","_tribe_events_status_reason":"","footnotes":""},"tags":[],"tribe_events_cat":[],"class_list":["post-497","tribe_events","type-tribe_events","status-publish","hentry"],"_links":{"self":[{"href":"https:\/\/www.kyifratsastus.com\/wordpress\/wp-json\/wp\/v2\/tribe_events\/497","targetHints":{"allow":["GET"]}}],"collection":[{"href":"https:\/\/www.kyifratsastus.com\/wordpress\/wp-json\/wp\/v2\/tribe_events"}],"about":[{"href":"https:\/\/www.kyifratsastus.com\/wordpress\/wp-json\/wp\/v2\/types\/tribe_events"}],"author":[{"embeddable":true,"href":"https:\/\/www.kyifratsastus.com\/wordpress\/wp-json\/wp\/v2\/users\/1"}],"version-history":[{"count":1,"href":"https:\/\/www.kyifratsastus.com\/wordpress\/wp-json\/wp\/v2\/tribe_events\/497\/revisions"}],"predecessor-version":[{"id":498,"href":"https:\/\/www.kyifratsastus.com\/wordpress\/wp-json\/wp\/v2\/tribe_events\/497\/revisions\/498"}],"wp:attachment":[{"href":"https:\/\/www.kyifratsastus.com\/wordpress\/wp-json\/wp\/v2\/media?parent=497"}],"wp:term":[{"taxonomy":"post_tag","embeddable":true,"href":"https:\/\/www.kyifratsastus.com\/wordpress\/wp-json\/wp\/v2\/tags?post=497"},{"taxonomy":"tribe_events_cat","embeddable":true,"href":"https:\/\/www.kyifratsastus.com\/wordpress\/wp-json\/wp\/v2\/tribe_events_cat?post=497"}],"curies":[{"name":"wp","href":"https:\/\/api.w.org\/{rel}","templated":true}]}}

<div  class="tribe-events-schedule tribe-clearfix" >
	<p class="tribe-events-schedule__datetime">
		<span class="tribe-events-schedule__date tribe-events-schedule__date--start">
			25.01.2020		</span>

					<span class="tribe-events-schedule__separator tribe-events-schedule__separator--date">
				 klo 			</span>
			<span class="tribe-events-schedule__time tribe-events-schedule__time--start">
				14:00			</span>
		
									<span class="tribe-events-schedule__separator tribe-events-schedule__separator--time">
					 &#8211; 				</span>
			
							<span class="tribe-events-schedule__time tribe-events-schedule__time--end">
					18:00				</span>
			
						</p>
</div>



<figure class="wp-block-image"><img loading="lazy" decoding="async" width="960" height="640" src="https://www.kyifratsastus.com/wordpress/wp-content/uploads/2020/01/tomashyppaa.png" alt="" class="wp-image-495" srcset="https://www.kyifratsastus.com/wordpress/wp-content/uploads/2020/01/tomashyppaa.png 960w, https://www.kyifratsastus.com/wordpress/wp-content/uploads/2020/01/tomashyppaa-300x200.png 300w, https://www.kyifratsastus.com/wordpress/wp-content/uploads/2020/01/tomashyppaa-768x512.png 768w" sizes="auto, (max-width: 767px) 89vw, (max-width: 1000px) 54vw, (max-width: 1071px) 543px, 580px" /></figure>



<p>Kansallisen tason ratamestari <strong>Tomas Kiviranta</strong> tulee
pitämään KyIF:n jäsenille ja ratsutila Wiknerin asiakkaille kurssin esteradan
rakennuksesta ja sen ratsastamisesta. </p>



<p><strong>Kurssi koostuu kolmesta osasta:</strong></p>



<p>Kurssi alkaa luennolla Wiknerin yksityistallin yläkerrassa, jossa käydään läpi estetyypit, arvostelut ja yleisimmät tehtävät, joista esterata koostuu. </p>



<p>Luennon jälkeen siirrytään maneesiin, jossa yhdessä opetellaan
kuinka esterata rakennetaan ratapiirroksen pohjalta, ja mitä radankävelyssä
tulee ottaa huomioon.</p>



<p>Lopuksi seuraa esteratsastusdemo, jossa käydään läpi miten
hevonen verrytellään rataa varten, ja kuinka rata ratsastetaan puhtaasti ja
nopeasti. Kurssi päättyy n. klo 18.</p>



<p><strong>Kurssi on tarkoitettu kaikenikäisille ja -tasoisille
ratsastajille ja se on maksuton kaikille. </strong></p>


<div  class="tribe-block tribe-block__event-price" >
		</div>




<div  class="tribe-block tribe-block__venue tribe-clearfix" >
	
		
	</div>




	<div  class="tribe-block tribe-block__events-link" >
		<div class="tribe-events tribe-common">
			<div class="tribe-events-c-subscribe-dropdown__container">
				<div class="tribe-events-c-subscribe-dropdown">
					<div class="tribe-common-c-btn-border tribe-events-c-subscribe-dropdown__button">
						<svg
	 class="tribe-common-c-svgicon tribe-common-c-svgicon--cal-export tribe-events-c-subscribe-dropdown__export-icon" 	aria-hidden="true"
	viewBox="0 0 23 17"
	xmlns="http://www.w3.org/2000/svg"
>
	<path fill-rule="evenodd" clip-rule="evenodd" d="M.128.896V16.13c0 .211.145.383.323.383h15.354c.179 0 .323-.172.323-.383V.896c0-.212-.144-.383-.323-.383H.451C.273.513.128.684.128.896Zm16 6.742h-.901V4.679H1.009v10.729h14.218v-3.336h.901V7.638ZM1.01 1.614h14.218v2.058H1.009V1.614Z" />
	<path d="M20.5 9.846H8.312M18.524 6.953l2.89 2.909-2.855 2.855" stroke-width="1.2" stroke-linecap="round" stroke-linejoin="round"/>
</svg>
						<button
							class="tribe-events-c-subscribe-dropdown__button-text"
							aria-expanded="false"
							aria-controls="tribe-events-subscribe-dropdown-content"
							aria-label="View links to add events to your calendar"
						>
							Lisää kalenteriin						</button>
						<svg
	 class="tribe-common-c-svgicon tribe-common-c-svgicon--caret-down tribe-events-c-subscribe-dropdown__button-icon" 	aria-hidden="true"
	viewBox="0 0 10 7"
	xmlns="http://www.w3.org/2000/svg"
>
	<path fill-rule="evenodd" clip-rule="evenodd" d="M1.008.609L5 4.6 8.992.61l.958.958L5 6.517.05 1.566l.958-.958z" class="tribe-common-c-svgicon__svg-fill"/>
</svg>
					</div>
					<div id="tribe-events-subscribe-dropdown-content" class="tribe-events-c-subscribe-dropdown__content">
						<ul class="tribe-events-c-subscribe-dropdown__list">
															<li class="tribe-events-c-subscribe-dropdown__list-item tribe-events-c-subscribe-dropdown__list-item--gcal">
									<a
										href="https://www.google.com/calendar/event?action=TEMPLATE&#038;dates=20200125T140000/20200125T180000&#038;text=Esteradan%20rakennus%20ja%20ratsastus%20-kurssi&#038;details=%3Cfigure+class%3D%22wp-block-image%22%3E%3Cimg+src%3D%22http%3A%2F%2Fwww.kyifratsastus.com%2Fwordpress%2Fwp-content%2Fuploads%2F2020%2F01%2Ftomashyppaa.png%22+alt%3D%22%22+class%3D%22wp-image-495%22%2F%3E%3C%2Ffigure%3E%3Cp%3EKansallisen+tason+ratamestari+%3Cstrong%3ETomas+Kiviranta%3C%2Fstrong%3E+tuleepit%C3%A4m%C3%A4%C3%A4n+KyIF%3An+j%C3%A4senille+ja+ratsutila+Wiknerin+asiakkaille+kurssin+esteradanrakennuksesta+ja+sen+ratsastamisesta.+%3C%2Fp%3E+%3Cp%3E%3Cstrong%3EKurssi+koostuu+kolmesta+osasta%3A%3C%2Fstrong%3E%3C%2Fp%3E+%3Cp%3EKurssi+alkaa+luennolla+Wiknerin+yksityistallin+yl%C3%A4kerrassa%2C+jossa+k%C3%A4yd%C3%A4%C3%A4n+l%C3%A4pi+estetyypit%2C+arvostelut+ja+yleisimm%C3%A4t+teht%C3%A4v%C3%A4t%2C+joista+esterata+koostuu.+%3C%2Fp%3E+%3Cp%3ELuennon+j%C3%A4lkeen+siirryt%C3%A4%C3%A4n+maneesiin%2C+jossa+yhdess%C3%A4+opetellaankuinka+esterata+rakennetaan+ratapiirroksen+pohjalta%2C+ja+mit%C3%A4+radank%C3%A4velyss%C3%A4tulee+ottaa+huomioon.%3C%2Fp%3E+%3Cp%3ELopuksi+seuraa+esteratsastusdemo%2C+jossa+k%C3%A4yd%C3%A4%C3%A4n+l%C3%A4pi+mitenhevonen+verrytell%C3%A4%C3%A4n+rataa+varten%2C+ja+kuinka+rata+ratsastetaan+puhtaasti+janopeasti.+Kurssi+p%C3%A4%C3%A4ttyy+n.+klo+18.%3C%2Fp%3E+%3Cp%3E%3Cstrong%3EKurssi+on+tarko%3C%2Fstrong%3E%3C%2Fp%3E+%28Katso+koko+tapahtuma+kuvaus+t%C3%A4%C3%A4lt%C3%A4%3A+https%3A%2F%2Fwww.kyifratsastus.com%2Fwordpress%2Fevent%2Festeradan-rakennus-ja-ratsastus-kurssi%2F%29&#038;trp=false&#038;ctz=Europe/Helsinki&#038;sprop=website:https://www.kyifratsastus.com/wordpress"
										class="tribe-events-c-subscribe-dropdown__list-item-link"
										target="_blank"
										rel="noopener noreferrer nofollow noindex"
									>
										Google-kalenteri									</a>
								</li>
															<li class="tribe-events-c-subscribe-dropdown__list-item tribe-events-c-subscribe-dropdown__list-item--ical">
									<a
										href=""
										class="tribe-events-c-subscribe-dropdown__list-item-link"
										target="_blank"
										rel="noopener noreferrer nofollow noindex"
									>
										iCalendar									</a>
								</li>
															<li class="tribe-events-c-subscribe-dropdown__list-item tribe-events-c-subscribe-dropdown__list-item--outlook-365">
									<a
										href=""
										class="tribe-events-c-subscribe-dropdown__list-item-link"
										target="_blank"
										rel="noopener noreferrer nofollow noindex"
									>
										Outlook 365									</a>
								</li>
															<li class="tribe-events-c-subscribe-dropdown__list-item tribe-events-c-subscribe-dropdown__list-item--outlook-live">
									<a
										href=""
										class="tribe-events-c-subscribe-dropdown__list-item-link"
										target="_blank"
										rel="noopener noreferrer nofollow noindex"
									>
										Outlook Live									</a>
								</li>
													</ul>
					</div>
				</div>
			</div>
		</div>
	</div>

<p>Kansallisen tason ratamestari Tomas Kiviranta tulee pitämään KyIF:n jäsenille ja ratsutila Wiknerin asiakkaille kurssin esteradan rakennuksesta ja sen ratsastamisesta. Kurssi koostuu kolmesta osasta: Kurssi alkaa luennolla Wiknerin yksityistallin yläkerrassa, jossa &hellip; </p>
<p class="link-more"><a href="https://www.kyifratsastus.com/wordpress/event/esteradan-rakennus-ja-ratsastus-kurssi/" class="more-link">Jatka lukemista<span class="screen-reader-text"> &#8221;Esteradan rakennus ja ratsastus -kurssi&#8221;</span></a></p>
